j**2 - 7*j - 15. Let q be (19/(-95))/(12/360). What is s(q)?
-3
Let s(j) be the first derivative of 1/3*j**3 - 1/20*j**5 - 25*j - 7/12*j**4 - 16 + 2*j**2. Let n(u) be the first derivative of s(u). Give n(-7).
-10
Suppose -3*u - 3*c - 57 = 0, 324*u - 25 = 322*u + 5*c. Let y(d) = 5*d**2 - 39*d - 83. Let v(p) = 3*p**2 - 26*p - 55. Let f(l) = 8*v(l) - 5*y(l). Determine f(u).
5
Let t(y) be the second derivative of y**4/3 - 2*y**3/3 + 27*y**2/2 - 158*y. Let g(i) = i**2 + 7. Let b(u) = 3*g(u) - t(u). What is b(4)?
-6
Let n(g) = -2*g**2 - 8*g + 3. Suppose 122 = -5*x + 37. Let r = x - -19. Suppose -3*q = r*l + 20, 2*q + 3*l + 10 = 5*l. Give n(q).
-21
Let f(s) be the first derivative of 17*s + s + s**2 - 13 + 12*s. Let h be f(-11). Let a(g) = 2*g - 8. Give a(h).
8
Let b(c) = 4*c - 5. Suppose 0 = -2*r + 9 - 97. Let t = r - -39. Let z(p) = -p + 1. Let o(d) = t*z(d) - b(d). Give o(3).
3
Let z(c) = -c**3 - 2*c**2 + 12*c - 2. Suppose -382 = 17*f - 297. What is z(f)?
13
Let l(o) be the second derivative of -o**6/40 + o**5/20 + o**4/24 - o**3/3 + 17*o**2 - 2*o - 52. Let m(v) be the first derivative of l(v). Determine m(2).
-12
Suppose -2*j + 256 - 538 = 0. Let n be j/188 - (31/(-4) - 0). Let f(v) = v + 3. Determine f(n).
10
Let m = 8 - 11. Let a be 1 - 2060/(-14) - (-1)/(-7). Let y(d) = -146 - 21*d + 10*d + 14*d + a + d**3 + 3*d**2. What is y(m)?
-7
Let x(b) = -b**3 + 3*b**2 - 2*b + 7. Let q(z) = 45*z**2 + 9*z - 8. Let k be q(1). Let p = -43 + k. What is x(p)?
1
Suppose 52 = 3*w + 85. Let j(x) = -x**2 - 2*x + 16. What is j(w)?
-83
Let n(p) = -3*p - 4. Let k(b) = -2*b - 4. Let x(q) = -6*k(q) + 5*n(q). Let i be ((-4)/(64/(-172)))/((-14)/(-112)). Suppose -70 + i = -4*o. Give x(o).
16
Let w(a) be the third derivative of -5/6*a**3 + 0*a - 1/6*a**5 - 3/8*a**4 + 1/120*a**6 + 144*a**2 + 0. Give w(11).
17
Let z(d) = d**2 + 15*d - 10. Let m(x) = -2*x**3 + 15*x**2 + 8*x - 16. Let g be m(8). Determine z(g).
6
Let d(h) = 18*h + 5. Let w(b) = 4*b + 1. Suppose -2*t - r = -47, 3*t - 6*r = -5*r + 83. Let c(k) = t*w(k) - 6*d(k). Calculate c(-4).
12
Let w(z) = -44*z + 609. Let m = -29496 - -29510. Give w(m).
-7
Let a be 357/(-12) - (-1)/(-4). Let r be a/(-4) + ((-21)/(-6))/(-7). Let m(k) = -k**2 - 15*k + 2*k**2 + 23*k - r. Calculate m(-8).
-7
Suppose -10*y = 30 - 60. Suppose y*t = 2*t - 5. Let c(z) = -z. Give c(t).
5
Let s(o) = 53 - 6 - 45*o - 50*o + 101*o. Determine s(-8).
-1
Let n(f) be the second derivative of f**3/6 + 6*f**2 + 48*f - 17. Give n(-1).
11
Suppose -29*j - 5916 = -33*j. Let q(u) = -u**2 - 3*u - 1483 + j + 0*u**2. Calculate q(-4).
-8
Let r(w) = -4*w + 3*w - w - w. Let y(s) = 6*s - 42. Let o be y(10). Suppose -o = -2*i - 28. Give r(i).
15
Suppose -c = -4 - 1. Let y(b) = 97*b - 20. Let s(m) = -53*m + 11. Let h(o) = -11*s(o) - 6*y(o). Determine h(c).
4
Let n(x) = -3*x + 1. Let g be (8/6)/(8/30). Let t(f) = f**2 - 9*f. Let c be t(g). Let p = c + 16. What is n(p)?
13
Let r(u) = 2*u**2. Let h(m) be the second derivative of -m**4/2 + m**3/6 - 3*m**2/2 + 146*m. Let q(i) = h(i) + 4*r(i). Give q(2).
7
Let j(b) = -107 + 104 - 17*b**2 - 2*b - 19*b**2 + 5*b**3 + 35*b**2. Calculate j(-1).
-7
Let c(m) = -m**2 - 3*m + 2. Let t(r) = -2*r**3 - 16*r**2 - 6*r - 33. Let b be t(-8). Let y = b - 13. Determine c(y).
-8
Let b(f) = 3*f - 6. Suppose 25*v - 26*v = 2*o + 12, -5*v - 4*o - 24 = 0. What is b(v)?
-6
Let u(r) = -r**2 - 3*r + 20. Suppose 3*t + 25*x - 42 = 23*x, x - 6 = 0. What is u(t)?
-110
Let d(c) = c**2 + c + 2. Let f(b) = -6*b + 34. Let y(m) = -20 + 6*m - 4 - 16 + 5. Let s(a) = -2*f(a) - 3*y(a). Let o be s(7). What is d(o)?
22
Let s(q) = -12*q + 1. Let z(f) = 7*f**2 + 44*f + 18. Let r(h) = 2*s(h) + z(h). Determine r(-1).
7
Let q(f) = -173*f**2 - 52*f + 9. Let g(l) = 61*l**2 + 18*l - 3. Let d(p) = -17*g(p) - 6*q(p). Suppose 3*b + 0*r = 5*r + 2, -5*b - 46 = 4*r. Determine d(b).
-3
Let k be 1 + (-2*1)/(-2). Let l(o) = -3*o**3 + 15 + 4*o**3 - 13*o**k + 2*o - 3*o. Let m(u) = 51*u**2 - 1848*u + 445. Let i be m(36). What is l(i)?
2
Let p(u) = 3*u + 14. Suppose 5*j + 3*s - 1000 = 0, s = 28 - 23. Let z = -203 + j. Give p(z).
-4
Let r(f) = -18*f**3 + 49*f**2 - 10*f + 91. Let l(s) = 13*s**3 - 36*s**2 + 7*s - 68. Let d(z) = -11*l(z) - 8*r(z). Determine d(-4).
8
Let o(n) = -7*n**2 + 6*n + 21. Let i(u) = -5*u**2 + 6*u + 18. Let t(c) = 6*i(c) - 5*o(c). What is t(-3)?
30
Let q(k) = -812*k + 813*k + 5*k**2 + 16*k**2 + 1 - 3. What is q(1)?
20
Let n(g) be the first derivative of -25 + g**2 + 1/6*g**3 + 1/20*g**5 - 1/6*g**4 - 18*g. Let s(z) be the first derivative of n(z). Determine s(2).
4
Let q be (3/5)/((-26)/(-1950)). Suppose 4*z - 37 + q = 0. Let m(a) = -3*a - 2. Give m(z).
4
Let m(h) = -h + 1. Let y(z) = z + 4 + 0 - 16 + 2. Let d be y(-9). Let i = d + 21. What is m(i)?
-1
Let q(p) = -5*p + 80*p**3 - 148*p**3 + 3*p + 2 + 70*p**3 + 0*p. Calculate q(2).
14
Suppose 9*w = -0*w + 522. Let c(z) = -25*z + w*z - 6 + 0 - z**2 - 23*z. Calculate c(7).
15
Suppose 0 = 4*b + t - 43, -4*b + 2*t = -2*t - 28. Let x(v) be the third derivative of -v**6/120 + v**5/6 - v**4/24 - v**3/2 + 82*v**2 - v + 50. What is x(b)?
-13
Let j(r) be the third derivative of r**5/20 - r**4/3 - 3*r**3/2 - r**2 + 15*r - 1. What is j(4)?
7
Let p(o) = 74*o - 516. Let i be p(7). Let a(v) = -9*v**2 - 4*v + 3. Give a(i).
-41
Let m(i) be the third derivative of i**6/360 + 4*i**5/15 - i**4/24 + 3*i**3 - 133*i**2. Let q(c) be the second derivative of m(c). Give q(-13).
6
Suppose -1109 = 7*p + 319. Let d = p + 198. Let t(u) = 2*u + 12. What is t(d)?
0
Let d be 35/(-4) - (-21)/28. Let z(w) = -6*w + 1. Let k be ((-9)/12)/(1/(-4)). Let o(n) = -2*n. Let h(s) = d*o(s) + k*z(s). Calculate h(5).
-7
Let m(t) be the first derivative of 11*t**3/3 - t**2 - 9*t - 3441. What is m(-2)?
39
Let q(g) = -g**3 - 10*g**2 - 17*g - 9. Let k = 164 - -150. Let v = k - 322. Give q(v).
-1
Let x(n) be the first derivative of -9*n**2/2 - 11*n + 978. Calculate x(-6).
43
Let h(x) = -x**3 - 9*x**2. Let m be h(-9). Suppose w + m = 2, 3*w - 6 = -n. Let s(i) = -i**2 - 3*i - 29*i**3 + 4 + 4*i + 28*i**3 + n*i. Determine s(0).
4
Let k(h) = h**3 - 11*h**2 + 25*h - 60. Let y be k(9). Let q(d) = -7 + 8 + 570*d**y - 591*d**3. Give q(1).
-20
Let s be (-1 + 21)*2/8. Let h(o) = 12*o - 11. Let b(g) = 5*g - 5. Let i(w) = 5*b(w) - 2*h(w). Give i(s).
2
Let o(a) = -a**3 + 238*a**2 - 1392*a + 1. Let s be o(6). Let k(p) = -1 - p**2 - p**3 + 4*p - 3*p**3 - 3*p. What is k(s)?
-5
Let p(h) be the second derivative of 1/20*h**5 + 5/12*h**4 + 2*h**2 - h + 0 + 0*h**3. Let k(b) = -b**2 - 861*b + 6947. Let i be k(8). What is p(i)?
4
Let l(j) = -j**2 + 7*j + 45. Suppose -4*z - 7*z - 374 = -45*z. What is l(z)?
1
Let h(i) be the third derivative of 4*i**4/3 + 581*i**3/6 + 2*i**2 + 412*i + 2. Give h(-18).
5
Suppose -3 = -3*f + 9. Let u(v) = 9*v - 6*v + 7*v**2 + 13 + 8*v - f*v - v**3. Let n be u(8). Let m(g) = 3*g - 7. What is m(n)?
8
Let c(n) = 51*n - 66. Let j(y) = -228*y + 262. Let b(i) = -18*c(i) - 4*j(i). What is b(22)?
8
Suppose 0 = 25*l + 538 - 238. Let c(s) = -s**2 - 14*s - 28. Give c(l).
-4
Let w(k) = -2*k. Let m be w(-5). Let l(j) = j**3 + 6*j**2 - 2*j - 6. Let r be l(-6). Suppose 0 = -4*x + r + m. Let q(z) = -z**3 + 4*z**2 - 1. Determine q(x).
-1
Suppose 2*d + 3 = -1. Let v(w) be the second derivative of w**5/20 + w**3/3 - w**2/2 - 3901*w. What is v(d)?
-13
Suppose 2*l + 2*l = 96. Let h be ((-12)/l)/(2/4). Let w(v) = -13*v**3 + v**3 + 7*v**3 + 7*v**3. What is w(h)?
-2
Let u be -1 + 9/(9/3). Let h(o) = -5*o**2 + 3*o**2 - 2 + 4*o**2 + u*o**2 - 144*o**3 + 145*o**3 - 3*o. Determine h(-4).
10
Let g(z) = -z + 7. Let c be g(12). Let h(w) = 7 + 39*w - w**2 - 1 - 42*w. Calculate h(c).
-4
Let q = -442 + 444. Let m be (-5)/q*(-2 - 0). Let p(t) = -t - 3. Give p(m).
-8
Let b(n) be the third derivative of 1/60*n**5 + 0 + 0*n + 60*n**2 + 5/12*n**4 + 5/6*n**3. Let s be -3 + (-18)/(-1 + 4). Calculate b(s).
-4
Let v(h) = -7*h + 6. Suppose 3*b + 2*b = 7 + 3. What is v(b)?
-8
Let y(r) = r**2 - 2*r - 2. Let w(h) = -2*h + 11. Let m be w(13). Let c(t) = 10*t + 146. Let o be c(m). Determine y(o).
22
Let o = 65 + -59. Suppose -o*y + 41 = -31. Let u(v) = v - 20. Give u(y).
-8
Suppose -s = 3*v - 26, 2*v = -s - 3*v + 36. Suppose 198 = 7*j + s*j. Let p be (24/6 - j) + 3. Let w(g) = g**2 + 6*g + 6. Determine w(p).
-2
